 digit of u?
8
Let r(q) = -q**2 + 42*q - 332. Let h be r(11). Let n be 6/2 - 0/2. Suppose h = -n*j + 21. What is the units digit of j?
4
Suppose -3730402 = -185*v + 2111799 - 120891. What is the tens digit of v?
2
What is the units digit of 0 + -64*((-328)/16 - -8)?
0
Let i(d) = 83*d**2 + 234*d - 1385. What is the hundreds digit of i(6)?
0
Let n(a) = 338*a**2 + 26*a + 16. What is the tens digit of n(-12)?
7
Suppose 5*q - 46 + 296 = 0. Let b(w) = -w**3 + 32*w**2 - 176*w + 19. Let a be b(25). Let s = a - q. What is the tens digit of s?
4
Let a be (0 + 2)*(2 + (-36)/8). Let s be -6 + 3 - -2 - (-420)/a. What is the units digit of (-8440)/(-68) - (-10)/s?
4
Suppose 476780 = 682*h - 662*h. What is the tens digit of h?
3
Let g(a) = 184*a**2 + 55*a + 31. What is the units digit of g(-7)?
2
Let i(u) = -20*u + 55. Let n(w) = w - 2. Let m(f) = 3*i(f) + 75*n(f). Let r be (-66)/(-8) + (-3)/12. What is the units digit of m(r)?
5
Suppose v = 4*l - 2721, -l - 3*v + 554 + 123 = 0. What is the tens digit of l?
8
Suppose -104*y - 98605 = -117*y. What is the hundreds digit of y?
5
Let h(n) = -11*n**2 - 14*n - 6. Let w be h(3). Let b = w + 238. What is the units digit of b?
1
What is the tens digit of 12/28 + 26567*20/70?
9
Let i(g) be the third derivative of 5*g**4/4 + g**3/2 - 4*g**2. Suppose 10 = 2*o + 2*j, -4*o + 20 = -0*o + 2*j. What is the tens digit of i(o)?
5
Suppose 7*d - 2*p - 2964 = 2*d, 3*d = -3*p + 1770. Suppose -88*q + d = -84*q. What is the tens digit of q?
4
Let a be (0/(-4 + -2))/4. Suppose -19*g + 17*g - 3*j + 756 = a, g - 389 = 4*j. What is the tens digit of g?
8
Suppose -4*u + 5*p - 87 - 440 = 0, -u - 4*p - 137 = 0. Let q = u - -456. What is the hundreds digit of q?
3
Suppose 3*i - x + 3 - 4 = 0, i - 5 = -2*x. Let v(b) = 34*b. What is the units digit of v(i)?
4
Suppose i - 2*o - 21 = 0, -3*i + i = -3*o - 41. Suppose -2*x + 1919 = -l, 2*x + i*l = 17*l + 1916. What is the hundreds digit of x?
9
Suppose -14 = 3*s - 212. What is the tens digit of (2/(-5))/((-33)/55)*s?
4
Let x(b) = 43*b - 15 + 12 - 5*b**3 - 47*b. Let a = -6 + 5. What is the units digit of x(a)?
6
Let h(f) = -f**3 + 12*f**2 - 14*f + 3. Let p = -7 + 16. Suppose 8 = -2*g, 0 = 2*x - 3*x - 4*g - p. What is the units digit of h(x)?
0
Let z(r) = r**3 - 79*r**2 + 137*r - 2063. What is the hundreds digit of z(79)?
7
Suppose 40 = 3*i - 3*b - 23, -80 = -4*i + 5*b. What is the units digit of 1 - (3 - 2) - (0 - i)?
5
Let h be -2 - 0 - (-21 - -15). Suppose 4*i = h, -y + 8*i - 13*i = -1444. What is the tens digit of y?
3
Suppose 32*o = -4*h + 35*o + 40586, -5*h - 5*o = -50785. What is the thousands digit of h?
0
What is the hundreds digit of ((-1548)/30)/((-15)/2400)?
2
Let x = -5602 + 14344. What is the units digit of x?
2
Let x(h) = 28*h + 5. Let k(s) = 2*s**3 - 36*s**2 + 9. Suppose 2*f - 3*o - 45 = 0, 0 = -0*f + 5*f - o - 93. Let q be k(f). What is the tens digit of x(q)?
5
Let w be 5 - (6 - 1) - -196. Suppose -19*c = -15*c - w. Suppose 0 = -o + 5*g - 1, -4 = -2*o - g + c. What is the tens digit of o?
2
Suppose 0 = 359*r - 324*r + 1155. Suppose w + x = -x + 128, 103 = w - 3*x. Let j = r + w. What is the units digit of j?
5
Suppose 5 = -2*w + 1, 3*l - 12201 = 3*w. What is the thousands digit of l?
4
Let d(r) = 1265*r**3 + r**2 - 18*r + 36. What is the hundreds digit of d(2)?
1
Let n be 110/176*(-80)/(-2). What is the tens digit of (4484/6)/(-1 - n/(-15))?
2
Let l = 49 + -56. Let n(u) = u**2 - 2*u - 13. Let o be n(l). Suppose 53*t - o*t = 342. What is the hundreds digit of t?
1
Suppose -24*r = -112*r + 1078352. What is the thousands digit of r?
2
What is the hundreds digit of 285/10*(-1910)/(-15)?
6
Let v(q) = -11*q - 69. Let o be v(-7). Suppose 15 = 5*z, -7*a - 351 = -o*a + 2*z. What is the tens digit of a?
5
Let k be -5 + 333/63 + (-47)/(-7). Suppose 4*j + 9 + k = 0, 2*j = -4*b + 1524. What is the tens digit of b?
8
Suppose 12*s - 17051 = -5*s. Let p = 1525 - s. What is the tens digit of p?
2
Let z(c) = -409*c**3 + 2*c**2 - c. Let j be z(1). Let s = -175 - j. What is the units digit of s?
3
Suppose -4 = 6*h - 7*h. Let n be (1 - 42) + h/(-4). What is the units digit of -4*12/(-16) - n?
5
Let r = 47323 - 25359. What is the hundreds digit of r?
9
What is the thousands digit of (-77807)/(-39) - (-10)/(-195)?
1
Suppose 0 = 3*a - 2*c + 125, 2*a - 3*c + 124 = 39. Let f = -30 - a. Suppose 2*v + f = 5*x - 4*x, 0 = 2*x + v - 22. What is the tens digit of x?
1
Suppose -4*v - f - 16 + 1094 = 0, -2*f + 536 = 2*v. Suppose v = l + 24. What is the tens digit of l?
4
Suppose -22 = -s - 4*a, 5*s - s - 33 = -5*a. Suppose -9 = -3*c, 4*b - s*c - 1490 - 272 = 0. What is the units digit of b?
2
Suppose -3*g + 5*i - 5 = -6*g, 2 = 4*g + 2*i. Suppose g = 4*s - 3*s - 4*f + 15, -2*s + 3*f = 5. Suppose -s*x + 315 = -915. What is the units digit of x?
6
What is the hundreds digit of (-12)/28*(44 + -15927)?
8
What is the hundreds digit of 21604 + (5 - (-35)/(-14))*(-16)/(-20)?
6
Let a be (-7 - (4 - 11)) + -5. What is the tens digit of (93 - ((-9)/3)/3) + a?
8
Suppose -3*d = -56 + 35. Suppose 4*b - 3*x - d = 11, -5*b + x = -17. What is the units digit of (b/1)/(-3)*-99?
9
Let f(d) = -591*d - 155. What is the units digit of f(-3)?
8
Let l = 13996 + -11940. What is the hundreds digit of l?
0
Let q = -57 + 54. Let h be (q - 5)*119/(-14). Let u = h - 0. What is the units digit of u?
8
Let h(v) = v**2 - 43. Let s be h(7). Suppose 5*f = -s*p + 5*p + 642, 1290 = 2*p + 4*f. What is the units digit of p?
7
Let v be (2*2)/(1/42*7). Let s be -7 + 2948/v - 1/(-6). Suppose -t = -3*k - 21, 8*k = -4*t + 4*k + s. What is the tens digit of t?
2
Let n(b) = 2*b**2 + 5*b + 10. Suppose r = -3*r - 12, 2*j - 24 = 4*r. Let f be n(j). What is the tens digit of (f/(-3))/((-8)/24)?
1
Let m = -360 + 364. Let z(v) = 59*v - 14. What is the hundreds digit of z(m)?
2
What is the tens digit of 1892/(-220)*3*(1276/(-6) - -1)?
6
Suppose -31*h - 3745 = 18637. Let k = h - -768. What is the units digit of k?
6
What is the tens digit of (-4078)/(((-30)/(-5))/(-12))?
5
Let r = -86069 + 153720. What is the ten thousands digit of r?
6
Let d(b) = -10*b. Let o be d(2). Let k(i) = -i**2 - 16*i + 15. Let c(m) = -m + 1. Let t(l) = 4*c(l) - 2*k(l). What is the hundreds digit of t(o)?
2
What is the units digit of (427/35 - 13)/(331/(-165) - -2)?
2
Suppose 0 = -5*a + 15, -8*a = 3*j - 6*a - 1743. Suppose 0 = -11*c + 12*c - j. What is the units digit of c?
9
Suppose -2*y = 5*m - 438, 0 = -5*m + 5*y + 247 + 163. Suppose -12 = -2*z - m. Let d = -34 - z. What is the units digit of d?
3
Let m(n) = n**3 - 38*n**2 - 2337*n + 53. What is the thousands digit of m(72)?
8
Let v(p) = 28*p**3 + 3*p**2 - 45*p + 384. What is the hundreds digit of v(8)?
5
Let k(o) = -9*o + 4*o**2 + 3*o + 36*o - 1. What is the tens digit of k(-10)?
9
Let x(q) = 45*q**3 + 36*q**2 - 28*q + 11. What is the tens digit of x(6)?
5
Let q(n) = -634*n - 5410. What is the thousands digit of q(-26)?
1
Suppose -4*j + 8*j - 4 = a, 3*j - 4*a + 10 = 0. Suppose -3 = 3*n - j*n. What is the units digit of (n/12 - (-884)/16) + 1?
6
Let p(l) = 25*l**3 + 4*l**2 - 11*l + 18. Let u be p(2). Let o(a) = a**3 + 4*a**2 + 4*a + 3. Let m be o(-2). Suppose m*h - 61 = u. What is the units digit of h?
1
Suppose -4*q - 37 = t, 4*t + q = -0*q - 193. Let s = 58 + t. Suppose -s*j + 381 = -6*j. What is the hundreds digit of j?
1
Suppose 3*a - 4 + 1 = 0. Suppose 4*m = -5*s + 4 - a, 4*s - 9 = -m. Suppose 0 = -2*u + u - 1, -5*q + 1093 = -s*u. What is the tens digit of q?
1
Let h = 29751 + -13160. What is the hundreds digit of h?
5
Suppose 0 = o - 3*s - 1662, -s = -2*o + 2105 + 1229. What is the units digit of o?
8
Let a = -1648 - -3943. What is the units digit of a?
5
What is the thousands digit of (-72157)/(-5)*(27 - 25) + (-16)/20?
8
Let f be 1*(144 + 2/(-1))*8. Let g = f + -546. What is the hundreds digit of g?
5
What is the hundreds digit of ((-181624)/(-24) - -10) + 2/(-3)?
5
What is the hundreds digit of (5 + 2)/(112/64) + 2851*3?
5
Let j be -4 - ((-9)/5)/(13/65). Let l = 23 - 16. Suppose -l*z + j*z + 26 = 0. What is the units digit of z?
3
Let s(m) = -m + 4. Let q be s(9). Let c be (4/5)/((-1)/q). Suppose -c*w + 735 = 215. What is the units digit of w?
0
Let c be -4 + (18/(-27) - (-35)/3). Suppose 12*g + c*g = 2869. What is the hundred